{"id":132,"date":"2026-01-26T19:42:05","date_gmt":"2026-01-26T18:42:05","guid":{"rendered":"https:\/\/ridetow.es\/?post_type=product&#038;p=132"},"modified":"2026-02-13T02:09:06","modified_gmt":"2026-02-13T01:09:06","slug":"bateria-samsung-48v-10ah-bms-daly-40a","status":"publish","type":"product","link":"https:\/\/ridetow.es\/?product=bateria-samsung-48v-10ah-bms-daly-40a","title":{"rendered":"Bater\u00eda Samsung 48V 10Ah BMS Daly 40A"},"content":{"rendered":"<div class=\"item-detail_ItemDetailTwoColumns__separator__BagDJ py-4\">\n<section class=\"item-detail_ItemDetailTwoColumns__description__0DKb0\">Bater\u00eda 48V 10Ah montada con celdas originales Samsung 48X y BMS Daly de 40A, ideal para aumentar potencia y rendimiento en patinetes Xiaomi. \u2705 Caracter\u00edsticas: \u2022 Voltaje: 48V \u2022 Capacidad: 10Ah \u2022 Celdas: Samsung 48X \u2022 BMS: Daly 40A \u2022 Descarga estable y segura \u2022 Mucha m\u00e1s fuerza que la bater\u00eda original de 36V \u2705 Indicada para: \u2022 Xiaomi M365 \/ Pro \/ Pro 2 \u2022 Xiaomi modificados a 48V \u2022 Controladoras V3, firmware personalizado, proyectos Xiaomi \ud83d\udd27 Perfecta para quien busca m\u00e1s potencia y mejor respuesta manteniendo fiabilidad. \ud83d\udce6 Bater\u00eda nueva\u00a0<\/section>\n<section>Las bater\u00edas requieren de 2 d\u00edas para su fabricaci\u00f3n una vez completado el pago<\/section>\n<\/div>\n<div class=\"item-detail_ItemDetailTwoColumns__separator__BagDJ py-3\">\n<div class=\"item-detail-stats_ItemDetailStats__ORKSL d-flex justify-content-between\"><\/div>\n<\/div>\n","protected":false},"excerpt":{"rendered":"<p>Bater\u00eda 48V 10Ah montada con celdas originales Samsung 48X y BMS Daly de 40A, ideal para aumentar potencia y rendimiento [&hellip;]<\/p>\n","protected":false},"featured_media":133,"comment_status":"open","ping_status":"closed","template":"","meta":{"site-sidebar-layout":"default","site-content-layout":"","ast-site-content-layout":"default","site-content-style":"default","site-sidebar-style":"default","ast-global-header-display":"","ast-banner-title-visibility":"","ast-main-header-display":"","ast-hfb-above-header-display":"","ast-hfb-below-header-display":"","ast-hfb-mobile-header-display":"","site-post-title":"","ast-breadcrumbs-content":"","ast-featured-img":"","footer-sml-layout":"","ast-disable-related-posts":"","theme-transparent-header-meta":"default","adv-header-id-meta":"","stick-header-meta":"","header-above-stick-meta":"","header-main-stick-meta":"","header-below-stick-meta":"","astra-migrate-meta-layouts":"set","ast-page-background-enabled":"default","ast-page-background-meta":{"desktop":{"background-color":"var(--ast-global-color-5)","background-image":"","background-repeat":"repeat","background-position":"center center","background-size":"auto","background-attachment":"scroll","background-type":"","background-media":"","overlay-type":"","overlay-color":"","overlay-opacity":"","overlay-gradient":""},"tablet":{"background-color":"","background-image":"","background-repeat":"repeat","background-position":"center center","background-size":"auto","background-attachment":"scroll","background-type":"","background-media":"","overlay-type":"","overlay-color":"","overlay-opacity":"","overlay-gradient":""},"mobile":{"background-color":"","background-image":"","background-repeat":"repeat","background-position":"center center","background-size":"auto","background-attachment":"scroll","background-type":"","background-media":"","overlay-type":"","overlay-color":"","overlay-opacity":"","overlay-gradient":""}},"ast-content-background-meta":{"desktop":{"background-color":"var(--ast-global-color-4)","background-image":"","background-repeat":"repeat","background-position":"center center","background-size":"auto","background-attachment":"scroll","background-type":"","background-media":"","overlay-type":"","overlay-color":"","overlay-opacity":"","overlay-gradient":""},"tablet":{"background-color":"var(--ast-global-color-4)","background-image":"","background-repeat":"repeat","background-position":"center center","background-size":"auto","background-attachment":"scroll","background-type":"","background-media":"","overlay-type":"","overlay-color":"","overlay-opacity":"","overlay-gradient":""},"mobile":{"background-color":"var(--ast-global-color-4)","background-image":"","background-repeat":"repeat","background-position":"center center","background-size":"auto","background-attachment":"scroll","background-type":"","background-media":"","overlay-type":"","overlay-color":"","overlay-opacity":"","overlay-gradient":""}}},"product_brand":[],"product_cat":[17],"product_tag":[26],"class_list":{"0":"post-132","1":"product","2":"type-product","3":"status-publish","4":"has-post-thumbnail","6":"product_cat-baterias","7":"product_tag-48v","8":"desktop-align-left","9":"tablet-align-left","10":"mobile-align-left","12":"first","13":"instock","14":"shipping-taxable","15":"purchasable","16":"product-type-simple"},"jetpack_sharing_enabled":true,"_links":{"self":[{"href":"https:\/\/ridetow.es\/index.php?rest_route=\/wp\/v2\/product\/132","targetHints":{"allow":["GET"]}}],"collection":[{"href":"https:\/\/ridetow.es\/index.php?rest_route=\/wp\/v2\/product"}],"about":[{"href":"https:\/\/ridetow.es\/index.php?rest_route=\/wp\/v2\/types\/product"}],"replies":[{"embeddable":true,"href":"https:\/\/ridetow.es\/index.php?rest_route=%2Fwp%2Fv2%2Fcomments&post=132"}],"wp:featuredmedia":[{"embeddable":true,"href":"https:\/\/ridetow.es\/index.php?rest_route=\/wp\/v2\/media\/133"}],"wp:attachment":[{"href":"https:\/\/ridetow.es\/index.php?rest_route=%2Fwp%2Fv2%2Fmedia&parent=132"}],"wp:term":[{"taxonomy":"product_brand","embeddable":true,"href":"https:\/\/ridetow.es\/index.php?rest_route=%2Fwp%2Fv2%2Fproduct_brand&post=132"},{"taxonomy":"product_cat","embeddable":true,"href":"https:\/\/ridetow.es\/index.php?rest_route=%2Fwp%2Fv2%2Fproduct_cat&post=132"},{"taxonomy":"product_tag","embeddable":true,"href":"https:\/\/ridetow.es\/index.php?rest_route=%2Fwp%2Fv2%2Fproduct_tag&post=132"}],"curies":[{"name":"wp","href":"https:\/\/api.w.org\/{rel}","templated":true}]}}